{"id":24,"date":"2017-09-27T11:31:03","date_gmt":"2017-09-27T11:31:03","guid":{"rendered":"http:\/\/eletrobauer.com.br\/segurancaeletronica\/?page_id=24"},"modified":"2018-08-16T21:17:06","modified_gmt":"2018-08-16T21:17:06","slug":"seguranca-eletronica-24h","status":"publish","type":"page","link":"https:\/\/eletrobauer.com.br\/segurancaeletronica\/seguranca-eletronica-24h\/","title":{"rendered":"Seguran\u00e7a Eletr\u00f4nica 24h"},"content":{"rendered":"<p><!--more--><\/p>\n<hr \/>\n<p>Clique nos t\u00f3picos abaixo para conhecer os servi\u00e7os em seguran\u00e7a eletr\u00f4nica disponibilizados pela Eletrobauer<\/p>\n<hr \/>\n<ul id=\"menu-servicos\" class=\"menu\"><li id=\"menu-item-320\" class=\"menu-item menu-item-type-post_type menu-item-object-page menu-item-320\"><a href=\"https:\/\/eletrobauer.com.br\/segurancaeletronica\/alarme-monitorado\/\">Alarme Monitorado<\/a><\/li>\n<li id=\"menu-item-321\" class=\"menu-item menu-item-type-post_type menu-item-object-page menu-item-321\"><a href=\"https:\/\/eletrobauer.com.br\/segurancaeletronica\/cameras-de-monitoramento\/\">C\u00e2meras de Monitoramento<\/a><\/li>\n<li id=\"menu-item-324\" class=\"menu-item menu-item-type-post_type menu-item-object-page menu-item-324\"><a href=\"https:\/\/eletrobauer.com.br\/segurancaeletronica\/portaria-remota\/\">Portaria Remota<\/a><\/li>\n<li id=\"menu-item-326\" class=\"menu-item menu-item-type-post_type menu-item-object-page menu-item-326\"><a href=\"https:\/\/eletrobauer.com.br\/segurancaeletronica\/seguranca-solidaria\/\">Seguran\u00e7a Solid\u00e1ria<\/a><\/li>\n<li id=\"menu-item-325\" class=\"menu-item menu-item-type-post_type menu-item-object-page menu-item-325\"><a href=\"https:\/\/eletrobauer.com.br\/segurancaeletronica\/rastreamento-veicular\/\">Rastreamento Veicular<\/a><\/li>\n<li id=\"menu-item-322\" class=\"menu-item menu-item-type-post_type menu-item-object-page menu-item-322\"><a href=\"https:\/\/eletrobauer.com.br\/segurancaeletronica\/centro-de-controle\/\">Energia Solar<\/a><\/li>\n<li id=\"menu-item-323\" class=\"menu-item menu-item-type-post_type menu-item-object-page menu-item-323\"><a href=\"https:\/\/eletrobauer.com.br\/segurancaeletronica\/manutencao-e-suporte-continuado\/\">Manuten\u00e7\u00e3o e Suporte Continuado<\/a><\/li>\n<li id=\"menu-item-327\" class=\"menu-item menu-item-type-post_type menu-item-object-page menu-item-327\"><a href=\"https:\/\/eletrobauer.com.br\/segurancaeletronica\/terceirizacao-de-monitoramento-de-alarmes\/\">Terceiriza\u00e7\u00e3o de Monitoramento de Alarmes<\/a><\/li>\n<\/ul>\n<hr \/>\n<div class=\"su-note\"  style=\"border-color:#dadada;border-radius:3px;-moz-border-radius:3px;-webkit-border-radius:3px;\"><div class=\"su-note-inner su-u-clearfix su-u-trim\" style=\"background-color:#f4f4f4;border-color:#ffffff;color:#333333;border-radius:3px;-moz-border-radius:3px;-webkit-border-radius:3px;\">\n<p>Com robusta estrutura e mais de duas d\u00e9cadas de atua\u00e7\u00e3o no segmento de seguran\u00e7a eletr\u00f4nica, o <a href=\"http:\/\/eletrobauer.com.br\/segurancaeletronica\/sobre-a-eletrobauer\/\"><strong>Grupo Eletrobauer<\/strong><\/a> re\u00fane servi\u00e7os de monitoramento eletr\u00f4nico de alto padr\u00e3o tecnol\u00f3gico, com centro de monitoramento 24 horas e loja pr\u00f3pria para venda, instala\u00e7\u00e3o e manuten\u00e7\u00e3o de equipamentos eletr\u00f4nicos de seguran\u00e7a.<\/p>\n<p>Nossos servi\u00e7os incluem Alarmes Monitorados, C\u00e2meras de Monitoramento e Portaria Remota e servi\u00e7os de Seguran\u00e7a Solid\u00e1ria com Centro de Controle, alem de Rastreamento Veicular, Manuten\u00e7\u00e3o e Suporte Continuado e Terceiriza\u00e7\u00e3o de Monitoramento de Alarmes.<\/p>\n<p>Em nossa equipe t\u00e9cnica temos engenheiros, analistas e administradores, alem de centro de treinamento para capacita\u00e7\u00e3o e reciclagem de nossos profissionais, assegurando alto desempenho em servi\u00e7os e produtos, alinhados a padr\u00f5es internacionais de qualidade,agregando valor por excelente custo benef\u00edcio em cada projeto!<\/p>\n<\/div><\/div>\n<blockquote>\n<h2><strong>Eletrobauer: seguran\u00e7a eletr\u00f4nica inteligente 24h.<\/strong><\/h2>\n<\/blockquote>\n","protected":false},"excerpt":{"rendered":"","protected":false},"author":1,"featured_media":768,"parent":0,"menu_order":0,"comment_status":"closed","ping_status":"closed","template":"","meta":{"footnotes":"","_links_to":"","_links_to_target":""},"class_list":["post-24","page","type-page","status-publish","has-post-thumbnail","hentry"],"_links":{"self":[{"href":"https:\/\/eletrobauer.com.br\/segurancaeletronica\/wp-json\/wp\/v2\/pages\/24","targetHints":{"allow":["GET"]}}],"collection":[{"href":"https:\/\/eletrobauer.com.br\/segurancaeletronica\/wp-json\/wp\/v2\/pages"}],"about":[{"href":"https:\/\/eletrobauer.com.br\/segurancaeletronica\/wp-json\/wp\/v2\/types\/page"}],"author":[{"embeddable":true,"href":"https:\/\/eletrobauer.com.br\/segurancaeletronica\/wp-json\/wp\/v2\/users\/1"}],"replies":[{"embeddable":true,"href":"https:\/\/eletrobauer.com.br\/segurancaeletronica\/wp-json\/wp\/v2\/comments?post=24"}],"version-history":[{"count":10,"href":"https:\/\/eletrobauer.com.br\/segurancaeletronica\/wp-json\/wp\/v2\/pages\/24\/revisions"}],"predecessor-version":[{"id":407,"href":"https:\/\/eletrobauer.com.br\/segurancaeletronica\/wp-json\/wp\/v2\/pages\/24\/revisions\/407"}],"wp:featuredmedia":[{"embeddable":true,"href":"https:\/\/eletrobauer.com.br\/segurancaeletronica\/wp-json\/wp\/v2\/media\/768"}],"wp:attachment":[{"href":"https:\/\/eletrobauer.com.br\/segurancaeletronica\/wp-json\/wp\/v2\/media?parent=24"}],"curies":[{"name":"wp","href":"https:\/\/api.w.org\/{rel}","templated":true}]}}